and 86893.
31
What is the highest common divisor of 378 and 2196?
18
Calculate the greatest common factor of 22 and 2157364.
22
Calculate the highest common divisor of 690 and 1335.
15
What is the greatest common factor of 16 and 73072?
16
What is the greatest common factor of 3708 and 2304?
36
What is the highest common factor of 188152 and 3248?
232
What is the greatest common divisor of 24 and 79896?
24
Calculate the greatest common divisor of 44850 and 1518.
138
Calculate the greatest common factor of 81 and 107271.
27
What is the greatest common factor of 1176 and 13524?
588
What is the greatest common factor of 201300 and 366?
366
Calculate the highest common factor of 142459 and 3827.
43
What is the highest common factor of 133991 and 33?
11
What is the highest common divisor of 255827 and 117?
13
Calculate the greatest common divisor of 99 and 275913.
99
Calculate the highest common divisor of 234 and 330174.
234
Calculate the greatest common factor of 11272270 and 10.
10
Calculate the greatest common factor of 975221 and 13.
13
Calculate the highest common divisor of 551805 and 15.
15
What is the greatest common factor of 23460 and 42619?
391
What is the greatest common divisor of 17536 and 12?
4
Calculate the greatest common factor of 61124 and 84.
28
Calculate the greatest common factor of 9 and 4111.
1
What is the greatest common factor of 137946 and 30?
6
Calculate the highest common factor of 6941 and 187.
11
What is the greatest common factor of 5888 and 198352?
368
Calculate the greatest common divisor of 10624 and 568.
8
What is the greatest common factor of 62850 and 950?
50
What is the highest common factor of 176904 and 1144?
104
What is the highest common divisor of 22 and 5149243?
11
Calculate the greatest common factor of 1347 and 3807.
3
What is the highest common divisor of 46 and 60674?
46
What is the highest common divisor of 1104 and 27669?
69
Calculate the highest common divisor of 23673 and 2951.
13
What is the highest common divisor of 88065 and 117?
9
What is the highest common factor of 5920 and 9805?
185
Calculate the greatest common factor of 386298 and 9.
9
Calculate the greatest common factor of 164478 and 2.
2
Calculate the highest common divisor of 7 and 7848981.
7
Calculate the highest common factor of 720 and 2580.
60
What is the greatest common divisor of 210 and 146790?
210
What is the greatest common divisor of 243 and 1193859?
243
What is the greatest common factor of 65268 and 851?
37
What is the highest common divisor of 201916 and 416?
52
What is the highest common factor of 1045 and 2299?
209
What is the greatest common divisor of 164656 and 54448?
656
What is the greatest common factor of 1884 and 96?
12
Calculate the greatest common divisor of 452 and 791.
113
Calculate the greatest common factor of 151261 and 11.
11
Calculate the greatest common divisor of 5337 and 21941.
593
What is the greatest common factor of 27700 and 100?
100
Calculate the highest common factor of 69965 and 35.
35
What is the greatest common divisor of 648 and 169800?
24
What is the greatest common factor of 179643 and 466?
233
Calculate the highest common divisor of 37675 and 800.
25
Calculate the greatest common factor of 143 and 402181.
13
What is the greatest common factor of 1161 and 675?
27
Calculate the highest common divisor of 1778127 and 390.
39
What is the greatest common factor of 9953 and 33625?
269
What is the highest common divisor of 765 and 6205?
85
What is the greatest common divisor of 467424 and 54?
54
What is the greatest common divisor of 9537 and 264?
33
Calculate the greatest common factor of 945 and 3213.
189
Calculate the highest common factor of 456 and 8328.
24
What is the highest common divisor of 179823 and 21?
21
What is the greatest common factor of 9025 and 209?
19
Calculate the greatest common divisor of 1400 and 42.
14
What is the highest common factor of 2037 and 9894?
291
What is the highest common divisor of 29440 and 270?
10
Calculate the greatest common factor of 96877 and 77.
11
Calculate the highest common divisor of 12120 and 8448.
24
Calculate the highest common factor of 180 and 289908.
36
Calculate the greatest common divisor of 230424 and 18.
6
Calculate the greatest common factor of 1475925 and 1650.
825
Calculate the highest common divisor of 31110 and 8670.
510
Calculate the highest common factor of 36764 and 1183.
91
What is the greatest common divisor of 22 and 19382?
22
What is the highest common divisor of 20728 and 8?
8
What is the greatest common divisor of 2243489 and 529?
529
What is the highest common divisor of 42 and 349818?
42
Calculate the highest common divisor of 1350 and 266940.
90
What is the highest common factor of 1205964 and 23859?
2169
Calculate the highest common factor of 3227 and 14.
7
What is the greatest common factor of 129600 and 60?
60
What is the greatest common divisor of 112 and 31024?
112
Calculate the highest common factor of 70444 and 48.
4
Calculate the greatest common factor of 24752 and 200.
8
What is the highest common factor of 35189 and 55?
11
What is the greatest common divisor of 17 and 1613844?
17
Calculate the highest common divisor of 128 and 511904.
32
Calculate the greatest common divisor of 4249845 and 45.
45
Calculate the greatest common factor of 264 and 10384.
88
Calculate the highest common factor of 322 and 1450610.
322
Calculate the highest common divisor of 179 and 261161.
179
What is the highest common factor of 1843513 and 334?
167
Calculate the highest common divisor of 827658 and 104.
26
Calculate the highest common divisor of 7708 and 33840.
188
Calculate the greatest common divisor of 3 and 17457.
3
Calculate the highest common factor of 85386 and 504.
42
Calculate the greatest common divisor of 6354 and 126.
18
What is the greatest common divisor of 8577 and 27?
9
What is the highest common factor of 5544 and 385?
77
Calculate the greatest common factor of 12 and 972.
12
What is the highest common factor of 675 and 21525?
75
Calculate the highest common divisor of 2921 and 1016.
127
Calculate the highest common divisor of 387 and 381840.
129
Calculate the greatest common factor of 1215400 and 30.
10
Calculate the greatest common factor of 776 and 4048004.
388
Calculate the highest common factor of 14136 and 2147.
19
What is the highest common factor of 3924108 and 60?
12
What is the highest common divisor of 228030 and 132?
66
Calculate the highest common divisor of 3911076 and 234.
234
What is the greatest common factor of 1578656 and 64?
32
Calculate the greatest common divisor of 65871 and 1053.
117
What is the greatest common factor of 1552 and 16102?
194
Calculate the greatest common factor of 7938 and 1911.
147
Calculate the greatest common factor of 16 and 92704.
16
What is the greatest common factor of 220 and 3355?
55
Calculate the highest common factor of 21789 and 2592.
81
Calculate the greatest common divisor of 290 and 5110.
10
What is the greatest common factor of 3128 and 13634?
34
Calculate the highest common divisor of 1720 and 1240.
40
Calculate the highest common divisor of 32703 and 3.
3
Calculate the greatest common divisor of 4 and 958656.
4
Calculate the greatest common factor of 41683 and 219.
73
Calculate the highest common factor of 507 and 38701.
169
Calculate the greatest common factor of 24 and 2180436.
12
What is the greatest common divisor of 2020 and 110?
10
Calculate the greatest common divisor of 29233 and 837.
31
Calculate the highest common factor of 52 and 5228392.
52
What is the highest common divisor of 345 and 18345?
15
Calculate the greatest common factor of 2645 and 345.
115
Calculate the greatest common divisor of 5220 and 276.
12
Calculate the highest common factor of 2208 and 1090200.
552
What is the greatest common divisor of 5012 and 3346?
14
Calculate the highest common divisor of 183512 and 1827.
203
What is the greatest common divisor of 114 and 2593082?
38
Calculate the highest common factor of 408 and 60.
12
What is the highest common factor of 2299 and 589?
19
Calculate the highest common factor of 4788714 and 84.
42
Calculate the highest common factor of 32 and 1293.
1
Calculate the greatest common divisor of 164805 and 30.
15
What is the greatest co